actors of r?
2, 29, 131
Let w(a) = -a**2 + 103*a + 18. Let t be w(16). Suppose -60*m + 63*m - t = 0. What are the prime factors of m?
2, 5, 47
Suppose -11*j = 2080 - 5193. List the prime factors of j.
283
Let s(l) = 655*l**2 - 17*l - 17. Let h be 2/(-6) - (2 - (-8)/(-6)). List the prime factors of s(h).
5, 131
Let r be 1 + 1 + 52 + -1. Let h = r - 60. Let j = h - -59. What are the prime factors of j?
2, 13
Suppose 9*j = 33*j + 3504. Suppose 0 = -5*y + 408 + 47. Let k = y - j. List the prime factors of k.
3, 79
Let k = -301 - -306. Suppose 0 = k*u + 5*j - 100, -6*j = -3*u - 3*j + 78. List the prime factors of u.
23
Suppose 23 = 28*u - 5. List the prime factors of u + (-6978)/24*-4.
2, 3, 97
Suppose 8*k = 3*k + 20, -y - k = -108. Suppose -47*t = -52*t + 180. Let c = t + y. What are the prime factors of c?
2, 5, 7
Suppose -9 = 5*u - 24, 5*u = -3*v + 14586. What are the prime factors of v?
3, 1619
Suppose 5*h = -2*z + 18605, -3*z + h + 23290 = -4592. List the prime factors of z.
5, 11, 13
Let d = -3527 + 4193. What are the prime factors of d?
2, 3, 37
Let n = 244 + 3105. List the prime factors of n.
17, 197
Let y(v) = 5*v - 2*v + 2*v + 4*v**2. Suppose -2*r - 5*a = -10, -r + 0*r + 3*a = 17. List the prime factors of y(r).
3, 5
Let f = -8996 + 16915. List the prime factors of f.
7919
Let r = 137 - 137. Suppose -10*u + 289 - 49 = r. What are the prime factors of u?
2, 3
Let n(s) = s**3 + 32*s**2 - 30*s + 102. Let h be n(-33). Suppose h*l = -i + 723, 6*l + 2190 = 3*i + 8*l. What are the prime factors of i?
2, 3, 61
Let h(c) = -15*c**3 - 3*c**2 - 2*c + 4. Let p be h(1). List the prime factors of 22 + -4*(-12)/p*-1.
5
List the prime factors of 5/(-3) - -2 - (3 - (-519554)/(-21)).
2, 3, 7, 19, 31
Let h be ((-78)/(-24) - 4)/((-3)/4). Let o(x) = 148*x + 17. What are the prime factors of o(h)?
3, 5, 11
Suppose 3*p - 17172 = -3*o, 17*p - 5730 = -o + 22*p. What are the prime factors of o?
5, 229
Let p = -277 + 366. Suppose -80*m + p*m = 4023. List the prime factors of m.
3, 149
Suppose 0 = 409*u - 403*u - 18. Suppose -3*q = -u*l - 1137, -369 = 17*q - 18*q + 3*l. List the prime factors of q.
2, 3
Let b(y) = -133*y**2 - 35*y + 74. Let t(r) = -44*r**2 - 12*r + 25. Let m(g) = -4*b(g) + 11*t(g). What are the prime factors of m(2)?
11, 17
Let o = 13 - 9. Suppose 912 = 4*d - o*j, -3*d + 927 = d - j. List the prime factors of d.
233
Let z = -7289 - -16557. What are the prime factors of z?
2, 7, 331
Suppose 0 = v - p - 24 - 21, -3*v - 2*p = -115. Let q(x) = x**2 - 33*x + 41. List the prime factors of q(v).
3, 41
Let b be (1/2)/(12/8)*(-3 - -15). Suppose -4*c = -16, -2*x + 6*x + 2*c = 16. Suppose 0 = 4*l + x*q - 478 + 38, 3*l = -b*q + 330. List the prime factors of l.
2, 5, 11
Suppose -3*y - 2*z + 365 = -527, 0 = -5*y + 5*z + 1520. List the prime factors of 3*5/15*y.
2, 3, 5
Let z be (-55)/5*(1 + -2). Let d(v) = -2*v**3 + 28*v**2 - 25*v + 10. List the prime factors of d(z).
461
Let u = 93536 + -36047. List the prime factors of u.
3, 19163
Suppose -12 + 12 = -4*q. Suppose 8*h + 14*h - 5016 = q. List the prime factors of h.
2, 3, 19
Let v(i) = i**3 - 3*i**2 + 4*i - 9. Let w be v(3). Suppose 5*p - 22 = s, 5*p - 40 = -2*s - w*s. List the prime factors of 1/s - 164/(-3).
5, 11
What are the prime factors of (-4)/144*-9 - 24606/(-8)?
2, 769
Let y(w) = 3*w**3 + 13*w**2 - 17*w + 9. Let v(s) = -s**3 - 2*s**2 - 2. Let b(d) = -5*v(d) - y(d). List the prime factors of b(4).
149
Let s be 744/(-5)*165/(-22). Let x be (s/(-8))/((-1)/(-20)*3). What are the prime factors of x/(-9) - (-2)/3?
2, 13
Suppose 105*i - 107*i + 6868 = 0. Suppose 3*f + 9 = 0, -4*h + 3*f - 857 + i = 0. List the prime factors of h.
2, 3, 107
Let o(c) = -386*c + 190. List the prime factors of o(-12).
2, 2411
Let t be -2 + (2 - 4) + 6. Suppose t*f - 2*q = 6*f - 3698, -q = f - 923. What are the prime factors of f?
2, 463
Suppose 2 = 2*v - r - 354, 2*r - 183 = -v. Suppose 755 = 8*a + v. What are the prime factors of a?
2, 3
Let o = -10712 - -16356. List the prime factors of o.
2, 17, 83
Suppose -6236415 - 1058157 = -85*c - 1845987. List the prime factors of c.
3, 23, 929
Suppose -43321 = -19*k + 189771. What are the prime factors of k?
2, 3067
Suppose -3*x + 2*m + 40 = 36, -5*x = -4*m - 4. What are the prime factors of (-218610)/(-245) + x/(-14)?
2, 223
Suppose -5*h + 2*r + 2045 = 0, -4*r + 391 = h - 8*r. Suppose -o + 599 = 3*v - 0*v, 2*v + 3*o - h = 0. What are the prime factors of 9/((-15)/(-5)) + v?
3, 67
Suppose 2*y + 110 = 4*u - 0*u, -154 = -5*u - 3*y. Suppose -2125 = 24*i - u*i. List the prime factors of i.
5, 17
Suppose 70*l - 936169 = -449692 + 1692973. What are the prime factors of l?
5, 13, 479
What are the prime factors of 17/(-4)*1140/18*-6*1?
5, 17, 19
Let k = -37 - -31. Let t(v) = -2*v - 9. Let g be t(k). Suppose 6*d = g*d + 69. List the prime factors of d.
23
Let w(g) = g**2 - 11*g - 19. Let x be w(0). What are the prime factors of x + 1070 + (3 - -1)?
5, 211
Suppose -5*z + 7 = -8, -3*g = z - 18. Suppose -5*t = -3*k - 4861, 4*t - g*k - 3887 = -2*k. What are the prime factors of t?
2, 487
Let z(p) = 2*p**2 - p - 5. Let q be z(0). What are the prime factors of (6/3)/(q/65)*-19?
2, 13, 19
Let f(k) be the first derivative of k**3/3 - k**2 + 20. Let r be f(0). Suppose 20 = o - r*o. What are the prime factors of o?
2, 5
Let c(s) = -s**2 - 11*s - 9. Let v be c(-10). What are the prime factors of (v*-1149)/(-6 - -3)?
383
Let a(q) = -13*q**2 + 6*q + 705. Let w be a(0). Suppose 4*d - 1970 = r - 3*r, -3*d + 1479 = r. Let j = w - d. List the prime factors of j.
211
Suppose -k - 2*k - 2*d - 8 = 0, 2 = -2*k - 2*d. Let l(i) = 10*i**2 + 2*i - 22. What are the prime factors of l(k)?
2, 163
What are the prime factors of 10/6*(4354 - 280/(-35))?
2, 5, 727
Let g be -20 + (-1 - 35)/6. Let q = 601 - g. List the prime factors of q.
3, 11, 19
Suppose -5*k - 191 - 9 = 0. Let s = k - -38. What are the prime factors of s/2*(-136 + 0 + -3)?
139
Let d(y) = 95*y**3 + 17*y**2 - 139*y + 1060. List the prime factors of d(8).
2, 11, 1129
Let m = 4902 + 14698. Suppose -9*j - 16*j + m = 0. List the prime factors of j.
2, 7
Let g(j) = 58*j**3 + j**2 + 4*j - 11. Let t(d) = 58*d**3 + 4*d - 10. Let x(p) = -3*g(p) + 4*t(p). List the prime factors of x(2).
3, 151
Let h be (-11)/(-2)*(-14)/7 - -5. What are the prime factors of 11 + h - 881/(-4 - -3)?
2, 443
Suppose x + 9 = 2*q, q + 0*x - 2*x - 12 = 0. List the prime factors of (-10 - -15) + q*201.
11, 37
Suppose 15*b - 17 = -77. Let r be 9*(1 - 0) + b. Suppose -528 = -5*z + 5*n + 512, -5*z + 1040 = r*n. List the prime factors of z.
2, 13
Let k = -7098 + 41392. What are the prime factors of k?
2, 13, 1319
Let v be -3 - (65/(-13) - (9 + 2)). Suppose 0 = -v*c + 15 + 7798. What are the prime factors of c?
601
Suppose 5*l + 672 = -4*d, -2*l - 119 = 5*d + 143. Let b = l + 216. List the prime factors of b.
2, 5
Let j be 45/20 + (-2)/8. Let q(w) = 3*w**2 - 10 + 5*w + 3*w**j - w - w. What are the prime factors of q(-4)?
2, 37
Suppose 19*x - 21*x + 10 = 0. Suppose 3069 = x*v - 2*h + 158, 4*v - 2330 = 2*h. List the prime factors of v.
7, 83
Suppose 4*y + 40008 = 4*k, -4*y + 0 = -16. What are the prime factors of k?
2, 5003
Let m = 16166 - -4829. What are the prime factors of m?
5, 13, 17, 19
Let l(m) = -102*m - 57. Let r be l(18). Let p = -1207 - r. List the prime factors of p.
2, 7
List the prime factors of ((-5)/(-1))/((-11)/(-1936)).
2, 5, 11
Let i(m) = m**2 - 21*m + 81. Let j be i(16). Let o(w) = 353*w. List the prime factors of o(j).
353
Let d = -2936 - -3629. What are the prime factors of d?
3, 7, 11
Suppose 106*l - 33*l + 19*l = 1830340. What are the prime factors of l?
5, 23, 173
List the prime factors of (-1 + (-208)/10)*(8 - 5129/23).
43, 109
What are the prime factors of (-3)/18 + (493788/6)/(-9 - -21)?
2, 3, 127
Let a(r) be the first derivative of 2*r**3 - 2*r**2 + 70*r + 112. What are the prime factors of a(12)?
2, 443
Suppose -11*v + 1067 = 22. Let x = v - -21. List the prime factors of x.
2, 29
Let k(i) = -85*i**2 + 1069*i + 4. List the prime factors of k(10).
2, 1097
Let f(u) = -u**3 - 7*u**2 - 19*u - 9. Let c be f(-8). Suppose -c = 4*p - 567. Let n = p + -46. List the prime factors of n.
2, 11
Let j be 33*(12/9)/(36/45). Suppose 65 = 2*g - 7*x + 12*x, 2*g - 5*x - j = 0. What are the p